- 19*c + 10. Let y(w) be the third derivative of 0*w + w**2 - 1/24*w**4 + 0 + 1/6*w**3. Determine y(b).
-6
Let i(z) = z**3 - z**2 - z. Let d(q) = 3*q**2 - 2*q - 4. Let s = 130 + -131. Let k be d(s). What is i(k)?
-1
Let i = -83 - -87. Suppose 3*s + 0*n = -3*n - 30, i*n = -3*s - 34. Let q(w) be the third derivative of w**4/24 + 2*w**2. Give q(s).
-6
Let h(i) = -3 + 2095*i**2 + 4*i - 1070*i**2 - 1026*i**2 + 4*i**3. Calculate h(1).
4
Let n(c) = 822 - 1588 + 824 + 5*c. Determine n(-22).
-52
Let m = -4411 - -4411. Let k(d) = 15*d + 5 - 4*d - 12*d. Calculate k(m).
5
Let r be -7*((-105)/(-49))/(-3). Let d(w) = -w**3 + 3*w**2 - 6*w + 15. Determine d(r).
-65
Suppose 126 - 21 = 547*p - 568*p. Let j(c) = 3 + 6 + 5*c - 2*c + 0*c. What is j(p)?
-6
Let q(o) be the first derivative of -o**3/3 + 3*o**2 - 3*o - 29. Suppose 4*p + 136 = -2*n - 12, -3*n + 2*p - 214 = 0. Let h = -66 - n. What is q(h)?
-3
Let q(v) = 7*v + 16. Let x(w) = 12*w + 5. Let p(y) = y - 1. Let n(i) = -4*p(i) + x(i). Let m(g) = 3*n(g) - 2*q(g). Give m(4).
35
Let a be 4 + (0 - 2)*1. Suppose 0 = -a*i + 10. Let p(t) = i - 2 - 2*t - 5. Give p(-4).
6
Suppose -22 = -2*a + 2*i, -i - 82 + 86 = 0. Let w(x) = -3 - 3*x + x + 15 + 15. Determine w(a).
-3
Let u(y) = 3*y + 38. Let d = -151 - -131. Determine u(d).
-22
Let q be -1*3 + (-3 - -2). Let x(y) = -2*y**2 - 8*y + 2. Let o be x(q). Let t(v) = o*v + 4*v - v + 11*v**2 - 12*v**2 - 3. What is t(4)?
1
Let t(b) = 7*b + 19. Suppose -54*c = -46*c + 112. What is t(c)?
-79
Suppose -8*g = -3*g. Let t = 0 + g. Let y(z) = -12895 + 12887 - 151046*z**2 + 151045*z**2. Give y(t).
-8
Let q be (4 - (-26)/(-6))/(2/(-72)). Suppose -2*t = o - 3, -13 = -4*t + 3*o - q. Let b(k) = 12*k**2 + k. Determine b(t).
13
Let y(h) = -h**3 - 16*h**2 + 100*h + 25. Let t be y(5). Let a(q) be the first derivative of q**3/3 + q**2/2 + 3*q - 1. Calculate a(t).
3
Let c(d) = 11*d**2 + 4*d - 5. Let v be c(2). Let n(a) = v + a - 101 + 50. Give n(-6).
-10
Let y(o) be the third derivative of 16/3*o**3 - 1/360*o**6 + 0 + 1/4*o**4 + 1/15*o**5 + 0*o + 18*o**2. Let a(f) be the first derivative of y(f). Give a(8).
6
Let v(m) = -m - 1. Let u = -80 - -86. Let g(o) = 2*o**2 - 2. Let z(q) = 6*q**2 - 6. Let f(y) = u*z(y) - 17*g(y). Let k(d) = -f(d) - 2*v(d). Calculate k(3).
-8
Let x(h) = -6*h**3 - h**2 + 2*h + 2. Let y(d) = 19*d**3 - 8*d**2 - 2*d - 9. Let b(v) = 3*x(v) + y(v). Determine b(11).
41
Suppose -47*q + 27*q - 140 = 0. Let b(o) = -o**2 + 9*o + 116. Let u be b(q). Let l(m) = -m**2 + 7*m - 7. Calculate l(u).
5
Let c = -2797 - -2806. Let q(a) = 5*a. Let i(h) be the second derivative of 2*h**3/3 - h**2/2 + h. Let f(s) = -4*i(s) + 3*q(s). Determine f(c).
-5
Suppose -15 = 5*d, -108*x + 107*x - 5*d - 18 = 0. Let w(l) be the first derivative of -5*l**2/2 - 6*l + 1. Calculate w(x).
9
Let n(o) = -1174*o + 22307. Let i be n(19). Let v(g) = g + 5. Let z(d) = d - 1. Let h(p) = v(p) + 4*z(p). Calculate h(i).
6
Let p(s) = 15*s + 957. Let g be p(-65). Let l(c) = -43*c - 764. What is l(g)?
10
Suppose 4*y + 5*u = 83, 0 = -u - 0*u + 3. Let s(z) = z**3 - 18*z**2 + 19*z - 41. Give s(y).
-7
Let u(f) be the second derivative of f**4/12 - 17*f**3/6 - 49*f**2/2 + 2733*f. Give u(20).
11
Let n(r) = r**3 - 7*r**2 + r - 9. Suppose -2*c - 561 = 4*p + 289, 0 = 2*c + 2*p + 856. Let z = c + 438. Calculate n(z).
-2
Suppose -4*o = 44 - 56. Let p(f) = -f**2 - 1 + 8*f - 2 - 5 + 8 - o. Determine p(7).
4
Suppose -1090*l + 9873 = -2117. Let q(w) = -3*w**3 + 23*w**2 + 43*w - 17. Let j(x) = x**3 - 8*x**2 - 14*x + 6. Let m(o) = -7*j(o) - 2*q(o). What is m(l)?
3
Let g = -394 + 378. Let c be (153/(-24) - -11) + (-6)/g. Let o(j) = -j - 1. Determine o(c).
-6
Let a(q) be the first derivative of -q**3/3 - q**2/2 + 3*q - 17. Let p be (-14)/(-154) - 8/88. What is a(p)?
3
Let a(l) = 8*l + 166. Let c(w) = -1209*w - 8487. Let k be c(-7). Give a(k).
-26
Suppose w - 104 - 634 = 0. Let j(d) = -366*d + w*d - 371*d. Calculate j(-4).
-4
Let y(r) = -r - 1. Let g(l) = -4*l. Let h(b) = 2*g(b) - 6*y(b). Let k be (143/(-39) - -4)*12. Calculate h(k).
-2
Suppose 90*m - 17 = -76*m - 515. Let v(t) = -3*t**2 - 6*t + 2. What is v(m)?
-7
Let b(o) = -o**3 - 5*o**2 - 2*o - 5. Suppose -2*u + 12 = u, -192 = -4*w - 3*u. Let n be ((-6)/(-9))/(5 + (-231)/w). Give b(n).
5
Let z(y) = -6 + 37 + y**2 - y**3 - 3641*y + 3675*y. Give z(-5).
11
Let s(n) = -3*n + 6. Let z = -157 + 158. Let o(f) = 8*f - 16. Let u be o(z). Give s(u).
30
Let k(i) be the second derivative of -i**6/720 + i**5/120 - 41*i**4/6 + 94*i. Let l(t) be the third derivative of k(t). What is l(-1)?
2
Let c(x) be the first derivative of x**2/2 - 4*x + 961. Suppose -u = -6*u. Calculate c(u).
-4
Let b(h) = -h**3 - h**2 - 20. Let o(r) = -r**2 + 12*r - 46*r + 120 + 18*r + 18*r. Let g be o(12). Determine b(g).
-20
Let p(z) be the second derivative of -z**3/6 + 3*z**2/2 - 115*z. Let a = -808 - -812. Calculate p(a).
-1
Let m(y) = 81528*y**2 - 81532*y**2 + 10*y - 7*y + 6. Calculate m(-2).
-16
Let n(b) be the third derivative of -b**5/60 - b**4/8 + 181*b**3/6 - 149*b**2. Let k be n(-15). Let p(h) = 3*h**2. Determine p(k).
3
Let w(p) = -p**3 - 13*p**2 + 12*p - 26. Let n be (-63)/(-9) + -18 + -3. What is w(n)?
2
Let c(h) = h**2 - h + 5. Let n = 237 - 235. Let j(u) = -2. Let x(q) = n*j(q) + c(q). Give x(-3).
13
Let d = -968 - -971. Let r(s) = -9 + 321*s**d + 8*s**2 - s - 7 - 320*s**3 - 4*s**2 + 7*s**2. What is r(-11)?
-5
Let u be 24/(-204) - (0 + 771/(-51)). Let z(b) = -10*b + 1 + 12*b**3 + u*b - 3*b. Give z(-1).
-13
Let v(r) be the second derivative of r**5/60 - r**4/24 + 13*r**3/6 + 2*r**2 + 3*r - 4. Let c(x) be the second derivative of v(x). Give c(0).
-1
Let g(r) = 3*r**3 - 40*r**2 - 43*r + 77. Let m(b) = -4*b**3 + 59*b**2 + 65*b - 116. Let d(i) = -7*g(i) - 5*m(i). What is d(-13)?
15
Let w(z) = z**2 - 10. Suppose 137 + 158 = 95*o + 10. Calculate w(o).
-1
Let g(m) = m**2 + 32*m - 60. Suppose -3*p - 5*y + 72 = -6*p, 0 = 5*p + 3*y + 188. Give g(p).
8
Let j(d) = -d**3 + 6*d**2 - 2*d. Let o(b) = -b**2 + 16*b - 58. Let p be o(7). Suppose -p*t + 117 = 87. Determine j(t).
-12
Let m(u) be the third derivative of u**6/120 + u**5/10 - u**4/12 - u**3/2 - 3*u**2 - 91. Determine m(-6).
9
Let r(y) = 8*y + 19 + 7*y - 17 - 22*y + 8*y. Let n be 1*(-7)/3*3. Let m = n + 3. Give r(m).
-2
Let r(u) be the first derivative of u**3/3 - 5*u**2/2 - 30*u + 1737. Give r(9).
6
Let a(t) = -37*t**2 - 36*t**2 - 10 + 85*t**2 - 11*t**2 - 11*t. Determine a(12).
2
Let q(h) = -4*h**3 - 62*h**2 + 20*h - 202. Let k be q(-16). Let o(m) = -m**3 - 9*m**2 + 17*m + 23. What is o(k)?
-47
Suppose z + 0*z + 4 = 0, 5*d - 2*z + 2 = 0. Suppose 53 - 57 = -2*y. Let g(c) = -c + c**y - 16 + 18 + 2*c + 0*c. Determine g(d).
4
Let q(i) be the first derivative of -i**4/24 + i**3/3 + 83*i**2/2 - 101. Let a(y) be the second derivative of q(y). Determine a(-1).
3
Let b(y) = 12*y**2 + 7*y - 6. Let m(r) = -24*r**2 - 15*r + 14. Let z(h) = 9*b(h) + 4*m(h). Let s(w) = 3*w**2 + w + 1. Let v(x) = -2*s(x) + z(x). Give v(-2).
22
Let c(n) = -5*n**3 + 30*n**2 + n - 3. Let q be c(6). Let l(z) = z**q + 6*z**2 + z**2 + 4*z + 8*z + 4 + 2*z - 7*z. What is l(-6)?
-2
Let g(m) = -2*m**2 - 3*m - 3. Let c(v) = -6*v**3 + 2*v**2 - 1. Let i be c(-1). Let y = i - -4. Suppose 0 = 3*d - k + 5*k + 2, -3*d + 5*k = y. What is g(d)?
-5
Let n(r) be the third derivative of -5*r**4/24 + 31*r**3/2 + 168*r**2. Let c be n(20). Let m(o) = o + 5. Give m(c).
-2
Let f(d) = 4*d. Let v be -5*(-2 - (2 - 3)). Let u = 1839 + -1821. Suppose -3 = -v*q - u. Give f(q).
-12
Let s(u) = -u - 2 + 20 - u. Suppose -2*g - 7*r + 80 = 27, -5*g = 3*r - 60. What is s(g)?
0
Let x = -1731 + 1735. Let w(d) = d**3 - 2*d**2 - 9*d + 9. Give w(x).
5
Let u(j) be the second derivative of -9/2*j**2 + 1/120*j**6 + 0 + 7/6*j**3 - 12*j - 1/10*j**5 + 1/4*j**4. Let f(v) be the first derivative of u(v). Give f(5).
12
Let v(b) = -45 + 22 + 4*b + 19 - 3*b. Let a = 2123 + -2118. What is v(a)?
1
Let h(s) be the first derivative of -1/4*s**4 + 0*s**2 + 18 + 12*s + 1/3*s**3. Determine h(0).
12
Let q be (-2)/1*(-23)/(-2). Let u(i) be the third derivative of i**6/120 + 2*i**5/5 + 23*i**4/24 - i**3/3 - 19411*i**2. What is u(q)?
-2
Let p(v) = 9*v**2 - 73*v + 9. Let c(h) = h**2 - 1. Let s(l) = 6*c(l) - p(l). Determine s(24).
9
Let c = -530 + 637. Let w = c + -116. L